*u - 485 = -c*z. Is z composite?
False
Let v be (1 - -2) + 1 + -2. Suppose v*j + 2 + 2 = 0. Is 48 + j - (0 + -1) a composite number?
False
Suppose 0 - 3 = h. Let y(k) = -8*k**2 - 7*k - 2. Let i(s) = 7*s**2 + 8*s + 2. Let x(g) = -3*i(g) - 4*y(g). Is x(h) composite?
False
Let h(j) = 20*j**2 - 5*j + 5. Is h(4) composite?
True
Let a(s) = 29*s**2 + 10*s + 8. Is a(-5) a prime number?
True
Let x(g) = g**3 + 9*g**2 - 11*g - 5. Let n be x(-8). Suppose p = -5*y + n, 3*y + 385 = 3*p + 4*y. Is p a composite number?
False
Let a = 54 - 11. Let o = a - -24. Is o a composite number?
False
Suppose 748 = -6*p + 4786. Is p composite?
False
Suppose 3*w - 446 = 667. Let a = -197 + w. Let r = a + -85. Is r a composite number?
False
Let v = 18 - 12. Suppose 398 = v*k - 340. Is k a composite number?
True
Suppose -4*y - 644 = -0*y. Let t = y - -672. Is t composite?
True
Suppose p + 5*i = 933, 0 = -4*i - 6 - 14. Is p a composite number?
True
Suppose -2*d + 6 = -3*d + 2*k, 2*d - 28 = -4*k. Suppose -5*w - 1 - d = 0. Is 0 + 5 - 1*w a prime number?
False
Suppose -5*d - 2*u - 3*u = -10, 0 = -2*d + 4*u + 34. Let v(g) = -4 - 1 + 3*g + 6 - g. Is v(d) a prime number?
False
Suppose 3*c - 3*o - 11 - 1 = 0, -8 = -2*c + 4*o. Suppose 113 = -3*s + c*s. Is s a prime number?
True
Suppose 5*x - 1391 = -436. Is x a composite number?
False
Let q(r) be the first derivative of 4*r**3/3 + 3*r**2/2 + 4*r + 2. Is q(-3) composite?
False
Let t be ((-1806)/(-10))/(15/75). Is t + 1 - (14 + -17) a composite number?
False
Is 3/(-1 + (-1180)/(-1174)) a prime number?
True
Let u(i) = i**3 - 8*i**2 - 9*i - 2. Let p be 15/(-2)*12/(-10). Let t be u(p). Is t/(-4) + (-506)/(-4) composite?
False
Is -2*(-1)/(-1) - -71 composite?
True
Let a = -568 + 1055. Is a a composite number?
False
Let t be (-10)/(-35) + (-1223)/(-7). Let z = t - 108. Is z a composite number?
False
Suppose -3*a + 8 = 2. Suppose a*q = 48 + 218. Is q a prime number?
False
Let u(i) = i**2 + i + 1. Let p(y) = 8*y**3 - 2*y**2. Let v(q) = -p(q) - u(q). Is v(-2) a prime number?
False
Suppose -3*g = 5*a - 800, -4*g = 5*a - 1183 + 108. Let f = g + -162. Is f composite?
False
Let n be (0 - 106)*(-2)/(-1). Let r = n - -28. Let k = -101 - r. Is k prime?
True
Suppose -b = 5 - 8. Suppose v - 91 = 3*h, -v + b*h - 103 = -2*v. Is v composite?
False
Is (3/(-3))/(7/(-259)) prime?
True
Suppose 5*z = 3*z + 374. Is z a composite number?
True
Suppose 0 = 12*h - 1862 - 4150. Is h composite?
True
Let w be (45/12)/((-2)/(-8)). Let t(i) = 4*i + 0 - 6 + w*i. Is t(5) a prime number?
True
Let c(j) = j**3 + 6*j**2 + 5*j - 1. Is c(-4) a prime number?
True
Suppose -z - 4*z = -f - 745, 10 = -2*f. Suppose v - z = -3*v. Is v a composite number?
False
Let c(b) = -2*b + 4. Let l(h) = -h**2 + 5*h + 6. Let j be l(5). Let x be c(j). Let a(o) = -3*o - 10. Is a(x) a prime number?
False
Let n = -4 + 7. Suppose 0 = n*s - 4 - 5. Suppose s*d + 0*d + 5*y - 7 = 0, -2*d + 14 = y. Is d a composite number?
True
Suppose 4*q - 578 = 278. Suppose -j - 31 = -2*j - 4*m, 4*j - q = 2*m. Is j a prime number?
False
Suppose 2*d + 2*d = -88. Let s be 40/(-12)*(1 + d). Suppose 2*q - 7*q + s = 0. Is q a prime number?
False
Suppose -9 - 68 = -c. Is c prime?
False
Let c be (-1 + 24/15)*5. Suppose -x + 4*l + 102 = -0*x, -3*x - c*l = -321. Is x a composite number?
True
Let m = -2 - -5. Let n = 12 - m. Suppose 5*u - 106 = n. Is u prime?
True
Is (5444/(-6))/(14/(-21)) a prime number?
True
Let o be (-1464)/(-9) - 2/(-6). Suppose -2*i + 0*i = -4*c - 158, o = 2*i - 5*c. Is i a prime number?
False
Let k = -456 - -1175. Is k a composite number?
False
Let q = 586 - 363. Is q a composite number?
False
Let a(q) = -2*q**3 - 4*q**2 - 2*q + 1. Let v be a(-2). Suppose 5*y = 2*y + 5*o + 810, -4*y = 3*o - 1109. Suppose -y = -0*w - v*w. Is w prime?
False
Let z(x) = 716*x**3 - 11*x**2 - 16*x - 16. Let k(u) = 143*u**3 - 2*u**2 - 3*u - 3. Let c(o) = -11*k(o) + 2*z(o). Let b = -2 - -1. Is c(b) prime?
False
Let b(i) = 3*i + 6. Let o be b(-5). Let w = 3 + o. Let l = 9 - w. Is l a prime number?
False
Suppose 1061 = l - 2*x, -1053 = -l - 3*x + 7*x. Is l composite?
False
Suppose 346 = 4*n + d, -n + 4*n - 255 = -3*d. Let l be n/(-12) - (-2)/8. Is (-229)/l + 10/35 a composite number?
True
Let u = 898 + -591. Is u prime?
True
Suppose -3*c + 3210 = -102. Suppose -5*a + 221 = -c. Is a a prime number?
False
Let f(d) = 13*d**2 + 8*d + 4. Let n(t) = -7*t**2 - 4*t - 2. Let x(z) = 6*f(z) + 11*n(z). Let p be x(-4). Suppose -p*w + 3*w - 37 = 0. Is w prime?
True
Let y(s) = 85*s - 3. Suppose -5*i + 4 = 2*j - 6*j, j = -4*i + 20. Is y(i) a composite number?
False
Let t be 12*1/8*2. Let i(a) = 15*a + 4. Is i(t) composite?
True
Let c = 11473 + -4650. Is c composite?
False
Is ((-45941)/(-28))/(1/4) composite?
False
Let g = 2 - 0. Let a be (1 - g)*-2 - -2. Suppose 0 = a*u - 313 - 67. Is u a composite number?
True
Let c(b) be the second derivative of -b**5/20 - 2*b**4/3 + b**3/6 + 4*b**2 - 4*b. Let t be c(-8). Suppose -4 = -2*s + 4*v - t, -5*s = -v - 46. Is s composite?
True
Let t = 1 - 3. Let x = 8 - t. Is x a prime number?
False
Let b(y) = 9*y - 5. Is b(11) a prime number?
False
Let h(l) = -l - 4. Let o be h(-6). Let r(f) = 2*f**2 + 9*f - 27. Let p be r(-18). Suppose -3*d + p = -3*g, d + o*g = -0*d + 141. Is d a prime number?
True
Is (-55492)/(-44) + -2 + 2/(-11) composite?
False
Let f = 40 - 21. Is f composite?
False
Let o be (-1)/2*4/(-2). Let f(b) = 20*b**2 + 1. Is f(o) a prime number?
False
Let g = 53 + -25. Let k(c) = c**2 - 3*c - 7. Let t be k(5). Let u = t + g. Is u a prime number?
True
Let p = -64 - -34. Let d = 62 + p. Suppose r = 2*r + 3*s - d, 0 = r + 5*s - 36. Is r a prime number?
False
Let o(w) = -w**3 - 4*w**2 - 3*w + 2. Let p be o(-3). Let i(c) = 1 + 5 - c + 0 + c**p. Is i(0) a prime number?
False
Suppose -3*q + 4*q = 1193. Is q a prime number?
True
Let x(f) = 26*f**2 + 5*f + 4. Is x(3) a prime number?
False
Suppose 4*p + 3131 = -989. Is p/(-14) + (-3)/(-7) prime?
False
Suppose y = 4*c - 7 - 0, 5*y - 28 = -c. Suppose 4*n = c*n - 2136. Is 2/(-3)*n/16 a prime number?
True
Suppose -2*n + 858 = 256. Is n a composite number?
True
Is 3*1/(-2)*3898/(-3) composite?
False
Let y(o) = -4*o**3 - 8*o**2 - 6*o + 5. Let c be y(-6). Suppose -2*v - 5*j = 2*v - 2456, 2*j - c = -v. Suppose -g + v = 2*g. Is g a composite number?
True
Let b = 9 + -16. Let v(s) = -2*s - 10. Let o be v(b). Is ((-4)/(-6))/(o/330) a composite number?
True
Let r be 2 - 4*-18*1. Suppose -3*f + 683 = r. Is f prime?
False
Suppose 5*c - 14 - 6 = 5*d, 0 = c + 2*d + 8. Suppose -7*r + 12*r - 275 = c. Is r composite?
True
Let u be ((-4)/(-3))/(4/6). Is 112 - u*2/4 a prime number?
False
Is 1096 - (-1 + (4 - 4)) a composite number?
False
Let z be 105/14*44/(-3). Let d = 204 - z. Is d a prime number?
False
Let f(i) = 28*i**2 - 8*i - 17. Is f(-6) prime?
True
Suppose 6*p = 2*p + 12. Suppose 2*y - 4 = -0. Is (p - (y + 0)) + 61 a prime number?
False
Suppose 2*s - 1 = 3. Suppose 28 = -s*y + 186. Is y a prime number?
True
Is (-1)/5 + 68096/80 composite?
True
Let f(d) = 34*d - 4*d + 11*d + 8*d + 11. Is f(6) a prime number?
False
Let k = 657 - 377. Let a = k - 193. Is a a prime number?
False
Suppose -a = -194 - 35. Suppose 0 = 2*d + 3*s - 0*s - 468, -d + s + a = 0. Suppose 4*n - n - d = 0. Is n a prime number?
False
Let g(a) = 49*a + 2. Let n be g(2). Suppose 5*s = s + n. Is s prime?
False
Let t = 4 + 15. Is t a prime number?
True
Suppose 0 = 2*m + 5*f + 2, -2*f = 3*m - 7*f - 22. Suppose 3*n = 60 + 354. Suppose 0 = m*h - n - 66. Is h prime?
False
Suppose 9*z - 4*z + 20 = 0. Is 149*((-4)/z)/1 composite?
False
Let a(x) = 2*x + 8. Let i be a(-6). Let q(s) = -2*s**3 + 6*s**2 + 6*s + 2. Let h(o) = o**3. Let r(p) = 3*h(p) + q(p). Is r(i) composite?
True
Let j(u) = -u**2 + 2*u + 145. Is j(0) composite?
True
Let m be -2*2/6*3. Let n be 3 + m + -1 + 0. Is n + 37 - (2 + 0) prime?
False
Let i(t) = 3*t**2 + 4*t - 7. Let l be i(-6). Suppose -18 = -5*u + l. Is u a composite number?
False
Let d(w) = -w**3 + 9*w**2 - 9*w + 10. Let i be d(8). Suppose -419 = -i*q + 79. Is q composite?
True
Let h(m) = 2*m. Let t be h(-6). Let u = 17 + t. Suppose 0*g - 301 = -g + i, 3*g - u*i = 903. Is g a composite number?
True
Suppose -2*m + 9 = m. Suppose 2*b - m*b + 5*k = 22, 0 = -3*k + 12. Is b - (16 - -2)/(-2) a prime numb